12 - y**3/6 + 53*y**2/2 + 10*y. What is the tens digit of q(0)?
5
Let k = 236 + 66. What is the hundreds digit of k?
3
Suppose -25*h + 22600 = 75. What is the units digit of h?
1
Let d(i) = -i**2 - 151. Let v be d(0). Let x = -90 - v. What is the tens digit of x?
6
Suppose 0 = 226*t - 215*t - 4301. What is the hundreds digit of t?
3
Let r(p) = -p**3 + 13*p**2 + 2*p + 15. Let u be r(13). Suppose -18 = -3*b - 12. Suppose b*i = i + u. What is the units digit of i?
1
Let x be -4 + ((-10)/(-1) - 4). What is the tens digit of ((-48)/(-20) - x)*30?
1
Suppose -c + 18 = 5*s - 14, -2*s = c - 11. Let u(a) = s*a - 5 - 1 + 2 + 7*a. What is the units digit of u(3)?
8
Let f = -196 - -196. Suppose 2*h = s + 5 + 2, 0 = h + 2*s - 11. Suppose f = h*p - 5*d, p + 4*d - 16 = -1. What is the units digit of p?
3
Let i(a) be the third derivative of 31*a**5/60 + a**4/8 + 5*a**3/6 + 26*a**2. What is the units digit of i(-2)?
3
Let r = 46 - 42. Suppose r*w - 186 = -2*w. What is the units digit of w?
1
Let v(y) be the first derivative of y**3/3 + 7*y**2/2 - 17*y - 12. What is the units digit of v(11)?
1
Let u = -129 + 261. What is the tens digit of u?
3
Let u(n) = -n**2 - n + 3. Let q be u(0). Suppose q*b - 243 = 5*w, -4*b + 2*w + 223 = -101. What is the units digit of b?
1
What is the tens digit of ((-6)/(-7))/((-15)/(-70)) - -2405?
0
Let z be 18/(-6) - (-2 + 3) - 52. Let m = z + 107. What is the units digit of m?
1
Suppose -11 - 14 = -5*g. Suppose -g*w = -1 - 79. What is the units digit of (4 + (-52)/w)*20?
5
Suppose o - 6*o = -3*h + 364, 2*h = -3*o + 230. What is the tens digit of h?
1
What is the tens digit of 519 + -17 - (-1 - 4)*-1?
9
Let b(a) = a**3 + 13*a**2 + 5*a - 16. Let v = -18 - -6. Let y be b(v). Suppose -4*w = -0*w - y. What is the tens digit of w?
1
Let t be 48 + (-4)/(-3 - -4). Suppose b - r + 6 = 0, 5*b + t = 4*r - 6*r. What is the tens digit of (-52)/b*(5 - -1)?
3
Let v(f) = -15*f**2 + 19*f + 18. Let d be v(-10). What is the tens digit of d/(-20) + 14/35?
8
Suppose 1720 = -4*r + 24*r. What is the units digit of r?
6
Let z(j) = -4269*j - 14. What is the thousands digit of z(-1)?
4
Let f(j) = -8*j + 2. Let w(y) = -7*y + 2. Let z(a) = -4*f(a) + 5*w(a). Let u be z(1). What is the tens digit of 1 + 0/u - -19?
2
What is the tens digit of (4045/4 - -2) + 1/(-4)?
1
Let d = -14 - -16. Suppose -d*o = -3*c - 144, o = c + 15 + 56. What is the units digit of o?
9
Let f be (-3)/(-5) - (-492)/30. Let i(x) = -2*x**2 + 35*x. What is the tens digit of i(f)?
1
Let n = -30 - -33. Suppose 0 - 24 = -n*u. Let p(m) = 6*m - 1. What is the units digit of p(u)?
7
Let t(o) = -o**3 + 4*o**2 + 7*o - 12. Suppose -8 = 3*h - 26. Let c be t(h). Let k = -2 - c. What is the tens digit of k?
4
What is the tens digit of (-1)/(((-90)/204)/15)?
3
Let v be 18/5 - 18/30. Suppose v*r + 4 = 16. Suppose -3*q + 0*q = r*s - 71, -2*s - 38 = -2*q. What is the units digit of q?
1
Let k be (-1 - (-2)/4)/((-12)/(-144)). What is the hundreds digit of (k/(-4) + -2)*-248?
1
Let u(f) = f**3 + 3*f**2 - 3*f - 1. Let d be u(-3). Suppose -d*r + 9 = -5*r. Suppose p = -r*p + 176. What is the units digit of p?
4
Let t(f) be the first derivative of -f**3/3 + 9*f**2/2 + 10*f - 5. Let p be t(10). Suppose -5*k + q + 19 = p, -5*k - 2 = 5*q + 3. What is the units digit of k?
3
Let u = 384 - 98. What is the units digit of u?
6
Let n = 13 + -10. Suppose -n*q = -q. Let t(j) = -j**3 - j**2 + 21. What is the tens digit of t(q)?
2
Let k(l) = -2*l**3 + 54*l**2 - 53*l + 31. What is the tens digit of k(24)?
1
Suppose -5*i - 8*h = -9*h - 7243, 2*i = 5*h + 2888. What is the tens digit of i?
4
Let t(u) = 2*u**2 - 76*u - 126. What is the tens digit of t(42)?
1
Let v(l) = l**2 - l - 2. Let z be v(3). What is the tens digit of 79 - (5/(-10) + 2/z)?
7
Let a(b) = -b**3 + 8*b**2 + 4*b - 4. Let h(c) = -6*c**3 + 41*c**2 + 21*c - 21. Let d(p) = 11*a(p) - 2*h(p). What is the tens digit of d(-3)?
1
Let f = 370 + -356. What is the units digit of f?
4
Let m(a) = 5*a**3 + 2*a**2 - 2*a - 4. Suppose -12*i + 24 = -0. What is the units digit of m(i)?
0
Let b(q) = q - 1. Let l(j) = -7*j - 4. Let w(i) = -6*b(i) - l(i). What is the units digit of w(9)?
9
Let p = -77 - -82. Suppose 0 = p*z + 5*b - 145, 3*b = -0*b - 15. What is the units digit of z?
4
Let i = -5878 + 11991. What is the units digit of i?
3
Suppose 5*r - 26*r = -63. Suppose 0 = -c - y + 221, -6*c = -4*c - r*y - 427. What is the hundreds digit of c?
2
Let u(c) = -c**3 + 3*c**2 - 6*c - 5. Let l(v) = -5*v**3 + 12*v**2 - 23*v - 20. Let j(y) = 2*l(y) - 9*u(y). What is the tens digit of j(-6)?
6
Let c = 98 - -1. Let y = c + -94. What is the units digit of y?
5
Suppose -12*o + 506 - 2 = 0. Suppose -8*u = -1050 + o. What is the hundreds digit of u?
1
Suppose -4*i - 3*q = -7734, -7*q + 3868 = 2*i - 5*q. What is the units digit of i?
2
Suppose 21 = 9*w - 2*w. What is the tens digit of 8 + 281 + (-3)/(w - 0)?
8
Let n(m) = -m**2 + 16*m + 3. Let u(h) = -5*h - 14. Let g be u(-6). Let w be n(g). What is the units digit of 86/4*(w + -1)?
3
Suppose -3*q = 4*f - 25, -5*f + 2*f + 6 = -2*q. Let w(y) = 5*y - 1. Let p(h) = -h - 1. Let c(d) = -4*p(d) - w(d). What is the units digit of c(q)?
2
What is the hundreds digit of 3494/5 + (-10)/(-50)?
6
Let m(i) = 17 - 10*i**2 - 11*i - 3*i + 3*i - 8*i + 11*i**2. Let u be (-20)/(-1*1) - 0. What is the units digit of m(u)?
7
Suppose 0 = -40*y + 25*y + 15045. What is the thousands digit of y?
1
Let f = 87 + -61. Suppose -4*y = f + 58. What is the tens digit of 906/21 - (-3)/y?
4
Let r = 38 + -34. Suppose r*k + 5*w - 167 = 0, 0 = -3*k - 4*w + 68 + 58. What is the units digit of k?
8
Let f be 6*(-2 + 6/(-9)). Let b = 72 - f. What is the tens digit of b?
8
Suppose -8*y + 16*y = 15136. What is the units digit of y?
2
Suppose 3*k = 5*k + 26. Let m = 15 + k. Let x = m - -8. What is the units digit of x?
0
Suppose -5*z + 23 = r, -4*z + 2*r + 31 = 7*r. Suppose 332 = z*n + 2*y - 450, n = -3*y + 193. What is the units digit of n?
6
Let m = -1035 + 1980. What is the tens digit of m?
4
Suppose 0 = 5*i - 5*k + 2 + 3, 2*i + 2 = 5*k. Let v be -3 + 16 + -2 - i. Suppose 0 = -v*n + 16*n - 232. What is the units digit of n?
8
Suppose 2*l = 5*x - 5, 3*l + 29 = 3*x + 7*l. Suppose 0 = -3*j + x*v + 24, -4*j + 6 = -5*v - 31. Suppose 60 = -j*u + 8*u. What is the units digit of u?
2
Suppose -14*t + 5866 = -7742. What is the hundreds digit of t?
9
Let l(r) = 4*r**2 + 18*r - 1. What is the units digit of l(-6)?
5
Suppose -7 = g - 1. Let x be 6/9 - 56/g. Suppose -20 = -x*k + 8*k. What is the tens digit of k?
1
Let d(a) = 8*a**2 - 11*a - 12. What is the units digit of d(6)?
0
Let f = -194 - -441. What is the hundreds digit of f?
2
Let g be (4 - 1 - 4) + 7. Suppose 0 = -5*h + 25, -c = -5*h + 3 + g. What is the tens digit of c?
1
Let g(c) = 18*c**3 + 4*c**2 - 5*c + 5. Suppose 0 = -33*j + 34*j - 2. What is the tens digit of g(j)?
5
Let d = -22 + 16. Suppose 3*t - 3*c + 81 = 0, -79 = -6*t + 9*t - 4*c. Let l = d - t. What is the units digit of l?
3
Suppose 5*d + 58 = -u + 5*u, -5*u - d = -87. Let l = u + -11. Suppose 3*c - 6 = l. What is the units digit of c?
4
Let t(q) = -3*q + 1. Let v be t(-3). Suppose -2*n - v = 3*n. What is the units digit of (-9)/9 - 4/n?
1
Let k(g) = 24*g**3 - 3*g**2 - 4. Let l be k(-3). Let r = l - -454. What is the units digit of (-2)/(-11) - r/33?
7
Let h = -14 + 16. Suppose 0 = 5*b - 5*q - 35, 0 = h*b - b - 5*q - 11. Let r(d) = 2*d - 6. What is the units digit of r(b)?
6
Suppose 0 = -7*i - i + 256. Let c = i - -21. What is the tens digit of c?
5
Let l be (-6 + 3)/(1/(-9)). Let g be (-20)/3 - 3*2/(-9). What is the units digit of 1221/27 + g/l?
5
Let r(n) = n**3 - 3*n**2 + n. Let d be r(3). Suppose -4*g - 16 = 0, d*g + 71 + 6 = 5*z. Let o(q) = q**3 - 12*q**2 - 10*q + 6. What is the tens digit of o(z)?
4
What is the thousands digit of (-123)/(-492) + 29598/8?
3
Suppose -i + 0*l = 3*l - 20, -4*i = l - 36. Let r(n) = 16*n + 1. What is the units digit of r(i)?
9
Suppose 0 = -3*i + 573 + 117. Let f = i - 32. What is the units digit of f?
8
Let l be (-5 - -9 - 3)/(1/65). Let i = -62 + l. What is the units digit of i?
3
Let m be ((-594)/(-36))/(6/(-8)). Let l(x) = -3*x - 16. What is the units digit of l(m)?
0
Suppose 33 = -p + 11. Let k = 31 - p. What is the units digit of k?
3
Suppos